e the remainder when 289 is divided by 98.
93
Calculate the remainder when 822 is divided by 348.
126
What is the remainder when 40399 is divided by 40383?
16
What is the remainder when 3356 is divided by 21?
17
What is the remainder when 2063 is divided by 348?
323
Calculate the remainder when 722 is divided by 242.
238
Calculate the remainder when 3395 is divided by 72.
11
What is the remainder when 29834 is divided by 65?
64
What is the remainder when 13867 is divided by 1981?
0
What is the remainder when 3810 is divided by 18?
12
Calculate the remainder when 12250 is divided by 12137.
113
Calculate the remainder when 164486 is divided by 506.
36
Calculate the remainder when 116122 is divided by 4.
2
Calculate the remainder when 1277 is divided by 160.
157
What is the remainder when 2168653 is divided by 34?
31
Calculate the remainder when 972 is divided by 47.
32
What is the remainder when 15464 is divided by 3084?
44
Calculate the remainder when 65396 is divided by 5944.
12
Calculate the remainder when 1320572 is divided by 1448.
1444
Calculate the remainder when 6881 is divided by 205.
116
Calculate the remainder when 8555 is divided by 1222.
1
What is the remainder when 1430 is divided by 44?
22
Calculate the remainder when 11120 is divided by 5498.
124
Calculate the remainder when 241916 is divided by 80637.
5
Calculate the remainder when 45297 is divided by 176.
65
Calculate the remainder when 158197 is divided by 28.
25
Calculate the remainder when 546112 is divided by 1517.
1509
Calculate the remainder when 176982 is divided by 15.
12
Calculate the remainder when 9230 is divided by 6782.
2448
Calculate the remainder when 2926 is divided by 726.
22
What is the remainder when 981910 is divided by 1232?
6
What is the remainder when 8976 is divided by 1281?
9
Calculate the remainder when 11087 is divided by 40.
7
Calculate the remainder when 26798 is divided by 623.
9
Calculate the remainder when 21202 is divided by 7066.
4
Calculate the remainder when 5177 is divided by 736.
25
What is the remainder when 1398 is divided by 1395?
3
What is the remainder when 791 is divided by 310?
171
Calculate the remainder when 1573113 is divided by 32.
25
Calculate the remainder when 4707 is divided by 2324.
59
Calculate the remainder when 33666 is divided by 552.
546
What is the remainder when 9490 is divided by 125?
115
Calculate the remainder when 4053 is divided by 1409.
1235
What is the remainder when 3335 is divided by 6?
5
Calculate the remainder when 981 is divided by 494.
487
Calculate the remainder when 24388 is divided by 4508.
1848
Calculate the remainder when 21825 is divided by 118.
113
Calculate the remainder when 52094 is divided by 14.
0
Calculate the remainder when 766 is divided by 677.
89
What is the remainder when 448629 is divided by 603?
600
What is the remainder when 2128 is divided by 268?
252
What is the remainder when 20275 is divided by 1454?
1373
Calculate the remainder when 224063 is divided by 22.
15
Calculate the remainder when 859512 is divided by 15.
12
What is the remainder when 2113 is divided by 426?
409
Calculate the remainder when 56158 is divided by 7.
4
Calculate the remainder when 67190 is divided by 22388.
26
Calculate the remainder when 46658 is divided by 952.
10
What is the remainder when 12587 is divided by 122?
21
What is the remainder when 280874 is divided by 56?
34
Calculate the remainder when 48970 is divided by 91.
12
What is the remainder when 1692 is divided by 74?
64
What is the remainder when 9316 is divided by 42?
34
Calculate the remainder when 3505 is divided by 561.
139
Calculate the remainder when 61036 is divided by 5.
1
Calculate the remainder when 10661 is divided by 1065.
11
What is the remainder when 9962 is divided by 2381?
438
What is the remainder when 2705 is divided by 132?
65
Calculate the remainder when 1802 is divided by 881.
40
Calculate the remainder when 114141 is divided by 6713.
20
Calculate the remainder when 698524 is divided by 94.
10
Calculate the remainder when 30764 is divided by 18.
2
What is the remainder when 25523 is divided by 2126?
11
What is the remainder when 117230 is divided by 19533?
32
Calculate the remainder when 743 is divided by 144.
23
Calculate the remainder when 43937 is divided by 1125.
62
What is the remainder when 31845 is divided by 6369?
0
What is the remainder when 25100 is divided by 270?
260
What is the remainder when 5459 is divided by 5376?
83
Calculate the remainder when 3986 is divided by 231.
59
Calculate the remainder when 94625 is divided by 27.
17
What is the remainder when 454990 is divided by 483?
4
Calculate the remainder when 14702 is divided by 1490.
1292
What is the remainder when 522286 is divided by 13?
11
Calculate the remainder when 10818 is divided by 3559.
141
What is the remainder when 1284 is divided by 137?
51
What is the remainder when 5445 is divided by 902?
33
What is the remainder when 35528 is divided by 2214?
104
What is the remainder when 5947 is divided by 396?
7
Calculate the remainder when 3145 is divided by 3141.
4
Calculate the remainder when 9160 is divided by 9.
7
What is the remainder when 183 is divided by 26?
1
What is the remainder when 4133 is divided by 301?
220
Calculate the remainder when 15477 is divided by 15.
12
What is the remainder when 2774 is divided by 1380?
14
Calculate the remainder when 4060 is divided by 582.
568
Calculate the remainder when 10247 is divided by 3401.
44
What is the remainder when 807 is divided by 149?
62
Calculate the remainder when 383 is divided by 201.
182
Calculate the remainder when 304622 is divided by 321.
314
Calculate the remainder when 343348 is divided by 43.
36
What is the remainder when 93929 is divided by 23?
20
What is the remainder when 16763 is divided by 9?
5
Calculate the remainder when 5103 is divided by 81.
0
What is the remainder when 3043 is divided by 281?
233
Calculate the remainder when 5656 is divided by 1170.
976
Calculate the remainder when 468110 is divided by 58.
50
Calculate the remainder when 1930 is divided by 129.
124
What is the remainder when 113386 is divided by 22?
20
What is the remainder when 274323 is divided by 1294?
1289
What is the remainder when 200276 is divided by 5?
1
What is the remainder when 470675 is divided by 17?
13
Calculate the remainder when 10027 is divided by 26.
17
Calculate the remainder when 7740 is divided by 119.
5
Calculate the remainder when 761 is divided by 141.
56
Calculate the remainder when 27331 is divided by 268.
263
What is the remainder when 63009 is divided by 300?
9
Calculate the remainder when 9266 is divided by 3590.
2086
What is the remainder when 3559 is divided by 62?
25
What is the remainder when 4459 is divided by 726?
103
Calculate the remainder when 11553 is divided by 222.
9
Calculate the remainder when 677 is divided by 622.
55
What is the remainder when 180263 is divided by 777?
776
Calculate the remainder when 13697 is divided by 103.
101
Calculate the remainder when 2527 is divided by 2291.
236
Calculate the remainder when 19678 is divided by 6441.
355
What is the remainder when 316286 is divided by 3721?
1
Calculate the remainder when 38530 is divided by 15.
10
Calculate the remainder when 2994 is divided by 496.
18
What is the remainder when 26508 is divided by 5301?
3
What is the remainder when 6645 is divided by 121?
111
What is the remainder when 1602711 is divided by 48567?
0
What is the remainder when 67460 is divided by 61?
55
Calculate the remainder when 62291 is divided by 60.
11
What is the remainder when 151936 is divided by 3376?
16
What is the remainder when 27505 is divided by 475?
430
Calculate the remainder when 6423 is divided by 3207.
9
What is the remainder when 45174 is divided by 9032?
14
What is the remainder when 381443 is divided by 23?
11
What is the remainder when 22218 is divided by 133?
7
What is the remainder when 5269 is divided by 2008?
1253
What is the remainder when 6277 is divided by 6268?
9
What is the remainder when 157904 is divided by 388?
376
Calculate the remainder when 8588 is divided by 15.
8
What is the remainder when 113986 is divided by 717?
700
Calculate the remainder when 32030 is divided by 101.
13
What is the remainder whe